se
Is 1986352 a multiple of 24?
False
Does 484 divide 1576388?
True
Is 118 a factor of 2064?
False
Is 35 a factor of 444349?
False
Does 2 divide 53526?
True
Is 105 a factor of 2395680?
True
Is 148 a factor of 122544?
True
Is 26286 a multiple of 49?
False
Is 20 a factor of 100540?
True
Is 45194 a multiple of 59?
True
Is 2882 a multiple of 2?
True
Does 7 divide 10738?
True
Is 94416 a multiple of 56?
True
Does 465 divide 2290125?
True
Is 3228400 a multiple of 14?
True
Does 87 divide 62014?
False
Does 808 divide 7502482?
False
Is 171 a factor of 3345444?
True
Is 73408 a multiple of 4?
True
Is 955260 a multiple of 366?
True
Does 11 divide 77879?
False
Is 484 a factor of 7050695?
False
Is 124 a factor of 685419?
False
Is 13 a factor of 525806?
False
Is 6340820 a multiple of 29?
False
Is 51 a factor of 1684029?
False
Is 26 a factor of 15255500?
True
Is 45 a factor of 199575?
True
Is 33 a factor of 1677258?
True
Is 586507 a multiple of 855?
False
Is 630476 a multiple of 89?
True
Is 3 a factor of 32020?
False
Is 64014 a multiple of 9?
False
Is 189649 a multiple of 20?
False
Is 535882 a multiple of 493?
False
Does 298 divide 371486?
False
Is 23 a factor of 77556?
True
Does 88 divide 5311808?
False
Is 13 a factor of 4770865?
False
Is 187960 a multiple of 127?
True
Does 21 divide 741195?
True
Is 33 a factor of 43406?
False
Is 45340 a multiple of 11?
False
Is 30 a factor of 1181400?
True
Is 106 a factor of 310368?
True
Does 245 divide 263844?
False
Is 3 a factor of 38916?
True
Is 5155425 a multiple of 11?
True
Does 9 divide 2191671?
True
Is 98117 a multiple of 14?
False
Is 400 a factor of 34800?
True
Is 670 a factor of 4659180?
True
Does 52 divide 449254?
False
Does 8 divide 1174976?
True
Does 17 divide 8653?
True
Is 199725 a multiple of 18?
False
Is 787266 a multiple of 61?
True
Is 11 a factor of 4993087?
True
Is 314 a factor of 1867358?
True
Does 1260 divide 5595943?
False
Does 499 divide 564369?
True
Does 1127 divide 9618945?
True
Is 2535 a factor of 11541993?
False
Does 58 divide 75574?
True
Does 154 divide 1034797?
False
Does 182 divide 107744?
True
Does 14 divide 3175205?
False
Is 5 a factor of 38455?
True
Does 54 divide 1252095?
False
Is 116766 a multiple of 9?
True
Is 6474030 a multiple of 133?
False
Is 5801148 a multiple of 35?
False
Is 34 a factor of 1558152?
True
Is 460120 a multiple of 4?
True
Is 424840 a multiple of 38?
True
Is 5 a factor of 105721?
False
Is 403951 even?
False
Does 28 divide 70024?
False
Does 518 divide 572987?
False
Does 1331 divide 15972?
True
Is 358072 a multiple of 9?
False
Is 873402 a multiple of 5?
False
Is 11052 a multiple of 18?
True
Is 1172369 a multiple of 20?
False
Is 16 a factor of 79504?
True
Is 3983011 a multiple of 41?
False
Is 11244753 a multiple of 13?
True
Does 1344 divide 9532459?
False
Does 84 divide 783552?
True
Does 13 divide 2769208?
True
Is 1502113 a multiple of 1287?
False
Does 25 divide 397302?
False
Is 12 a factor of 9381?
False
Is 232 a factor of 2334384?
True
Is 614 a factor of 419362?
True
Is 327 a factor of 618804?
False
Is 222358 a multiple of 73?
True
Is 24 a factor of 96493?
False
Does 411 divide 431207?
False
Is 7771 a multiple of 10?
False
Is 3 a factor of 450?
True
Does 677 divide 2850222?
False
Does 4 divide 2874348?
True
Does 18 divide 505602?
True
Is 32 a factor of 13280?
True
Does 34 divide 114251?
False
Is 45 a factor of 1116201?
False
Does 23 divide 11143?
False
Is 5 a factor of 1158873?
False
Is 330445 a multiple of 3?
False
Is 272532 a multiple of 6?
True
Does 13 divide 271765?
True
Does 61 divide 1635587?
False
Is 1200475 a multiple of 775?
True
Does 14 divide 198674?
True
Is 11 a factor of 5745278?
True
Does 81 divide 972646?
False
Is 443 a factor of 828594?
False
Is 1124439 a multiple of 174?
False
Is 94 a factor of 6982160?
False
Does 34 divide 73846?
False
Is 18 a factor of 390972?
False
Does 279 divide 505796?
False
Does 4 divide 2952?
True
Does 5 divide 49965?
True
Does 2 divide 243626?
True
Is 11392654 a multiple of 91?
True
Is 6 a factor of 52935?
False
Is 124807 a multiple of 88?
False
Is 56 a factor of 200294?
False
Does 1059 divide 6153849?
True
Is 58 a factor of 2762946?
True
Is 567654 a multiple of 406?
False
Is 2 a factor of 248823?
False
Is 2 a factor of 1671080?
True
Is 130802 a multiple of 7?
True
Is 5651100 a multiple of 455?
True
Is 35 a factor of 73430?
True
Is 1841148 a multiple of 961?
False
Is 688 a factor of 2315120?
True
Is 317889 a multiple of 99?
True
Is 204107 a multiple of 562?
False
Does 51 divide 79407?
True
Is 6 a factor of 150540?
True
Does 3 divide 1014918?
True
Does 12 divide 334476?
True
Does 437 divide 18664217?
False
Does 4 divide 36294?
False
Is 658 a factor of 212534?
True
Does 124 divide 15250140?
True
Is 2237536 a multiple of 35?
False
Is 125352 a multiple of 3?
True
Does 501 divide 19038?
True
Is 646 a factor of 19883950?
False
Is 321 a factor of 3469037?
False
Is 35 a factor of 7361465?
False
Is 4339 a multiple of 8?
False
Is 18111 a multiple of 5?
False
Is 1129172 a multiple of 846?
False
Is 205082 a multiple of 82?
True
Is 23065150 a multiple of 289?
False
Does 17 divide 498242?
False
Does 38 divide 424764?
True
Does 117 divide 60957?
True
Is 762 a factor of 6211062?
True
Is 3953187 a multiple of 589?
False
Is 87648 a multiple of 8?
True
Is 21 a factor of 10852485?
True
Is 46 a factor of 670726?
True
Is 146 a factor of 1067491?
False
Is 37 a factor of 1094571?
True
Is 240184 a multiple of 298?
False
Does 2 divide 9688?
True
Is 8480 a multiple of 106?
True
Is 381336 a multiple of 58?
False
Is 43633 a multiple of 1186?
False
Is 77 a factor of 34419?
True
Does 3 divide 21286?
False
Is 76726 a multiple of 338?
True
Is 3429921 a multiple of 6?
False
Is 91200 a multiple of 24?
True
Is 59 a factor of 2649982?
False
Does 293 divide 736765?
False
Is 151 a factor of 975611?
True
Does 442 divide 2121600?
True
Is 509028 a multiple of 110?
False
Is 20 a factor of 55180?
True
Does 4 divide 104796?
True
Is 984353 a multiple of 777?
False
Is 24 a factor of 432?
True
Is 3073993 a multiple of 13?
True
Is 165137 a multiple of 276?
False
Is 84 a factor of 131712?
True
Is 4586712 a multiple of 24?
True
Is 323325 a multiple of 75?
True
Does 319 divide 17226?
True
Is 108069 a multiple of 16?
False
Does 33 divide 817047?
True
Does 21 divide 184008?
False
Is 128621 a multiple of 20?
False
Is 359676 a multiple of 103?
True
Is 17 a factor of 372250?
False
Is 5 a factor of 3661865?
True
Is 38825 a multiple of 25?
True
Is 3178758 a multiple of 33?
True
Is 148393 a multiple of 301?
True
Is 669498 a multiple of 1389?
True
Does 348 divide 149640?
True
Is 1729024 a multiple of 128?
True
Does 32 divide 375064?
False
Is 598858 a multiple of 403?
True
Is 53955 a multiple of 99?
True
Does 95 divide 4623968?
False
Is 22 a factor of 2187244?
False
Does 163 divide 15648?
True
Is 2 a factor of 119236?
True
Does 143 divide 5173740?
True
Does 5 divide 118069?
False
Is 1756014 a multiple of 22?
False
Does 74 divide 135716?
True
Is 9 a factor of 30204?
True
Does 87 divide 26187?
True
Does 456 divide 943008?
True
Is 11068764 a multiple of 6?
True
Does 12 divide 2122430?
False
Is 154753 a multiple of 86?
False
Is 219 a factor of 408501?
False
Is 241 a factor of 1323331?
True
Is 1509451 a multiple of 52?
False
Is 1398816 a multiple of 54?
True
Does 5 divide 51528?
False
Does 40 divide 4099475?
False
Is 6 a factor of 2091750?
True
Is 8648 a multiple of 6?
False
Is 5 a factor of 5109?
False
Is 81 a factor of 1288?
False
Does 25 divide 77395?
False
Is 133630 a multiple of 70?
True
Is 232 a factor of 71304?
False
Is 478335 a multiple of 179?
False
Is 6939361 a multiple of 1332?
False
Is 45 a factor of 580187?
False
Is 37 a factor of 67747?
True
Is 35 a factor of 3421775?
True
Does 82 divide 68224?
True
Is 87 a factor of 214659?
False
Is 807258 a multiple of 440?
False
Does 22 divide 1062321?
False
Is 114 a factor of 29526?
True
Is 29374 a multiple of 49?
False
Is 147407 a multiple of 23?
True
Is 553 a factor of 389312?
True
Is 96 a factor of 1305487?
False
Is 142053 a multiple of 3?
True
Is 103 a factor of 27089?
True
Is 162 a factor of 18474966?
True
Does 14 divide 14506058?
True
Is 2599148 a multiple of 99?
False
Is 8036772 a multiple of 433?
False
Is 349974 a multiple of 24?
Fals